pose -l = -60 - 32. Suppose 0*n = -2*n + l. Calculate the remainder when n is divided by 12.
10
Let j be (4/6)/((-4)/(-150)). Let k be (-2)/(-10) - 605/j. What is the remainder when ((-1)/2)/(6/k) is divided by 1?
0
Suppose 2*r = -2*r. Let a = r - -7. What is the remainder when 25 is divided by a?
4
Let r(q) = q + 1. Let i(m) = 27*m + 5. Let f(v) = -i(v) + 6*r(v). What is the remainder when 43 is divided by f(-1)?
21
Let g(x) = 44*x - 3. Calculate the remainder when g(2) is divided by ((-1)/(-3))/((-3)/(-261)).
27
Suppose -d + 0*d + 4*f + 17 = 0, 3*f = -9. Let k = 9 + d. Calculate the remainder when 83/3 + 2/(-3) is divided by k.
13
Let j be (-2)/(0 + 2/28). Let d = -6 - j. Suppose 3*g + 2*a = 231 - 32, -3*a = -3*g + 189. What is the remainder when g is divided by d?
21
Let j be (0 + 0)/(2 + -4). Suppose -d + 2*d = 2*k + 21, -3*d - 2*k + 63 = j. Let v(l) = 2*l**2 - 3*l + 2. Calculate the remainder when d is divided by v(3).
10
Suppose p + f = 4, -f - 28 = -5*p + 2*p. Let a = p - 6. Suppose -7*c + 310 = -a*c. Calculate the remainder when c is divided by 21.
20
Let j(c) = 23*c + 1. Calculate the remainder when 46 is divided by j(1).
22
Suppose 130 = 3*t + 28. Let v(k) = 3*k. What is the remainder when t is divided by v(3)?
7
Let x = -4 + 11. Suppose 5*v - 2*v = 6. What is the remainder when x is divided by -3*(-1 + v + -2)?
1
Let h(l) = -l**3 + 16*l**2 + 19*l - 22. Let b be h(17). Suppose -b*a = -8*a - 164. What is the remainder when a is divided by 21?
20
Suppose -2*k = l - 36, 2 = k - 3*l - 2. Suppose 2*r - r - 2 = 0. Suppose 41 = -r*z - 2*g + 175, 0 = 5*g - 25. Calculate the remainder when z is divided by k.
14
Let q = -54 + 77. Calculate the remainder when 39 is divided by q.
16
Let a(w) = -w**3 + 5*w**2 + 6. What is the remainder when a(4) is divided by 18?
4
Calculate the remainder when 49 is divided by (-2)/8 - (-138)/8.
15
Let a = -7 + 11. Suppose 2*t - h = -5*h + 78, -a*t + 186 = -2*h. Calculate the remainder when t is divided by 12.
9
Let t(g) = g**2 + 2*g + 5. Let m(o) = 7*o. What is the remainder when t(-4) is divided by m(1)?
6
What is the remainder when 107 is divided by (-9)/6 - ((-141)/6 + 0)?
19
Let o be 5*(0 + (-12)/5). Suppose 0*h + 2*z + 64 = 3*h, 2*h = -4*z + 48. Let f = h + o. What is the remainder when f is divided by 6?
4
Let t(m) = 10*m - 10 + 27*m + 37*m. Let x(r) = 15*r - 2. Let p(i) = -3*t(i) + 16*x(i). Calculate the remainder when p(3) is divided by 18.
16
Suppose 9*s = 4*s + 110. Let d(p) = p**3 + 7*p**2 + 5*p + 6. Calculate the remainder when s is divided by d(-6).
10
Let c(f) be the first derivative of 2*f**2 + 3*f + 1. Suppose -3*p = a - 55, -3*a + 5*p + 165 = -0*a. Calculate the remainder when a is divided by c(4).
17
Let q(b) = b**3 + 2*b**2 - 4*b + 4. Calculate the remainder when 27 is divided by q(-3).
6
Let o(t) = 6*t**2 - 4*t + 4. What is the remainder when o(3) is divided by 16?
14
Let c = -22 - -50. Let m be (26/(-8))/((-4)/16). Suppose -2*i = -4*h - 1 - m, 2*i = -h + 34. Calculate the remainder when c is divided by i.
13
Let w(o) be the second derivative of 7*o**3/6 + 4*o. Let j be (-4)/(-18) + 156/27. What is the remainder when w(j) is divided by 22?
20
Suppose 2 - 11 = 3*p. Let m(x) = 3*x**3 - x**2 + 2*x + 1. What is the remainder when m(2) is divided by ((-27)/(-15))/(p/(-15))?
7
Suppose 12*v - 13*v - i + 86 = 0, -2*i = -5*v + 451. What is the remainder when v is divided by 15?
14
Suppose 2*n = -2 + 4, -237 = -5*u - 2*n. What is the remainder when u is divided by 24?
23
Let r = 1 - -1. Let q = -5 - -10. Suppose -2*d + 8 = 3*d + 2*y, q = -5*y. Calculate the remainder when d is divided by r.
0
Suppose 12 = 2*a + 4*j, -3*a + 4*j + 37 = -1. Let c(s) = s**2 + s + 1. Let z be c(0). Calculate the remainder when -1 - (z + -29) - -1 is divided by a.
8
Let a = 295 + -210. Suppose -3*g + a = -38. What is the remainder when g is divided by 11?
8
Suppose 5*b = 63 + 32. Calculate the remainder when 71 is divided by b.
14
Suppose -4*q + 24 = -76. What is the remainder when 97 is divided by q?
22
Calculate the remainder when 89 is divided by (-10)/(630/(-1967)) + (-4)/18.
27
Let w(k) = 7*k + 7. Let i be w(-3). Calculate the remainder when 40 is divided by (-4)/i + 225/21.
7
Suppose -3*u + 0*u = -6. Let x be 2/(-4)*u*2. Calculate the remainder when x/(-8) - 652/(-16) is divided by 14.
13
Suppose 3*u - 27 - 7 = l, l = -4*u + 36. Let g = 94 - 67. Calculate the remainder when g is divided by u.
7
Suppose -161 + 5 = -6*h. Calculate the remainder when 99 is divided by h.
21
Suppose 486 = 7*q + 122. Calculate the remainder when q is divided by 11.
8
Let i(t) = t**3 + 6*t**2 + 6*t + 4. Let q be i(-4). Let b = -7 + q. Suppose -b*h = -15, -3*x + 86 = -h - 34. What is the remainder when x is divided by 14?
13
Let o = -44 - -119. Suppose -4*g = -8*g + 76. Suppose -4*s - g = -o. Calculate the remainder when s is divided by 8.
6
Suppose -2*z + 4*c + 99 = 3*z, -3*z - c = -73. What is the remainder when 45 is divided by z?
22
Let i = 74 + -13. Suppose 5*l = 4*b + i, 0*l + 2*l = 4*b + 34. Calculate the remainder when 16 + -2*1/(-2) is divided by l.
8
Let t(z) = -z**3 - 3*z**2 - 2*z + 2. What is the remainder when 1*-2 + (0 - -6) is divided by t(-2)?
0
Suppose -5*x + 0 = s - 12, -5*s = 2*x - 37. Calculate the remainder when 18 is divided by s.
4
Let h = 16 - 25. What is the remainder when 10 is divided by (-3)/((h/(-4))/(-3))?
2
Let i(v) = -v**3 - 21*v**2 - 21*v - 2. Calculate the remainder when i(-20) is divided by 7.
4
Suppose -f = -4*z - 16, 2*f + 19 = 6*f - z. Suppose -3*v - f*k - 35 = -96, 4*k + 47 = v. Calculate the remainder when v is divided by 7.
6
Let t = 101 + -45. Calculate the remainder when 39 is divided by (-4)/(-6) - t/(-6).
9
Let b = -37 - -40. What is the remainder when 6 is divided by b?
0
Suppose -2*h - 1 = -9, 2*f + h = 12. What is the remainder when 10 is divided by f?
2
Let n(i) be the first derivative of -i**3/3 - 3*i**2/2 + 4*i + 2. What is the remainder when n(-3) is divided by 2?
0
Suppose -4*i - 20 = -3*o, -4 = i - 5. What is the remainder when o is divided by 5?
3
Suppose -2*w = 4*s - 36, -2*w - 5 = 5*s - 48. Calculate the remainder when s is divided by 5.
2
Let x(c) = c + 5. Let r be x(-6). Let v(s) = 21*s**2 - 2*s - 1. What is the remainder when v(r) is divided by 12?
10
Let c(j) = 4 + j**3 + j**2 + 5*j + 4*j**2 + 2. What is the remainder when -9*1*1*2/(-6) is divided by c(-4)?
1
Let k = 158 - 107. What is the remainder when k is divided by 13?
12
Suppose 2*g = -0*g + 42. Suppose 56 = 1699*u - 1692*u. Calculate the remainder when g is divided by u.
5
Let w(x) be the second derivative of -x**5/20 + x**4/12 + 2*x**3/3 + x**2/2 - 7*x. What is the remainder when w(-4) is divided by 17?
14
Calculate the remainder when 41 + (-4 + 7)*-1 is divided by 8.
6
Suppose 0 = i + 4, n - 23 + 2 = -2*i. What is the remainder when 85 is divided by n?
27
Let r = 43 - 23. What is the remainder when 37 is divided by r?
17
Suppose b - 249 = -5*z, -8*b - 2 = -6*b. Calculate the remainder when z is divided by 17.
16
Suppose -3*v - 204 = 51. Let y = -53 - v. What is the remainder when y is divided by 11?
10
Let p = -16 - -27. Calculate the remainder when 86 is divided by p.
9
Suppose 9*i + 40 = 5*i. Let s = i + 9. Calculate the remainder when s + 8 - (2 + -1) is divided by 4.
2
Suppose 2*j - 144 = -2*j. Let l = 125 - j. What is the remainder when l is divided by 30?
29
Let p(s) = 4*s + 5. Let h(w) = -w. Let o(x) = 5*h(x) + p(x). What is the remainder when 8 is divided by o(0)?
3
Let u be 5/(-10)*(1 + -1). Suppose 9*t - 114 = 4*t + 4*i, u = -2*t + 2*i + 46. What is the remainder when t is divided by 8?
6
Let i(m) be the first derivative of 1 - 3 + 8*m**3 + 0*m**3. What is the remainder when 71 is divided by i(-1)?
23
Suppose 0 = -5*h + 3 + 32. Calculate the remainder when 18 is divided by h.
4
Suppose 2*u = 2 + 6. Suppose 0 = -s - u*c + 10 + 14, 39 = s + c. Calculate the remainder when s is divided by 12.
8
Let m = -43 + 80. Suppose -3*y - 7 + m = 0. Let j = -9 - -15. What is the remainder when y is divided by j?
4
Suppose -6 = 3*w - 4*s, 5*w + 23 = -s - 10. What is the remainder when (13/(-2))/(w/12) is divided by -2*5/6*-3?
3
What is the remainder when 158 is divided by 43 - 9*3/9?
38
Let j(p) = 21*p - 1. Let o = -2 - -2. S